{"id":36,"date":"2015-09-18T23:42:09","date_gmt":"2015-09-18T23:42:09","guid":{"rendered":"http:\/\/saocristovaofuneraria.com.br\/?page_id=36"},"modified":"2021-10-12T17:17:18","modified_gmt":"2021-10-12T17:17:18","slug":"duvidas","status":"publish","type":"page","link":"https:\/\/saocristovaofuneraria.com.br\/index.php\/saiba-mais\/duvidas\/","title":{"rendered":"D\u00favidas"},"content":{"rendered":"<p>Clique nos t\u00f3picos abaixo e leia as respostas \u00e0s perguntas e d\u00favidas mais frequentes:<\/p>\n<div class=\"su-spoiler su-spoiler-style-fancy su-spoiler-icon-arrow-circle-1 su-spoiler-closed\" data-scroll-offset=\"0\" data-anchor-in-url=\"no\"><div class=\"su-spoiler-title\" tabindex=\"0\" role=\"button\"><span class=\"su-spoiler-icon\"><\/span>Por que fazer um Plano funer\u00e1rio BH Minas?<\/div><div class=\"su-spoiler-content su-u-clearfix su-u-trim\">\n<p align=\"justify\">No momento de perda de um ente querido, a \u00faltima coisa que desejamos \u00e9 ter de nos preocupar com a burocracia que envolve tal circunst\u00e2ncia e com as despesas inesperadas que se seguem a este \u00a0momento, tais quais urna, traslados, funeral e etc.<br \/>\nTendo a cobertura de um <strong>Plano de Assist\u00eancia Funer\u00e1ria BH Minas<\/strong>,\u00a0basta um simples telefonema para que o associado tenha imediatamente a seu dipor servi\u00e7o de remo\u00e7\u00e3o, higieniza\u00e7\u00e3o, libera\u00e7\u00e3o de documentos necess\u00e1rios e completo funeral com urna previamente escolhida, al\u00e9m de coroa de flores e paramentos necess\u00e1rios.<br \/>\nN\u00e3o deixe o inesperado surpreender voce, previna-se!\u00a0<a href=\"http:\/\/saocristovaofuneraria.com.br\/index.php\/adquira-um-plano\/\">Clique aqui e associe-se j\u00e1<\/a>, sem burocracia!.<\/p>\n<\/div><\/div>\n<div class=\"su-spoiler su-spoiler-style-fancy su-spoiler-icon-arrow-circle-1 su-spoiler-closed\" data-scroll-offset=\"0\" data-anchor-in-url=\"no\"><div class=\"su-spoiler-title\" tabindex=\"0\" role=\"button\"><span class=\"su-spoiler-icon\"><\/span>Qual o custo mensal dos Planos BH Minas?<\/div><div class=\"su-spoiler-content su-u-clearfix su-u-trim\">\n<p align=\"justify\">Envolve um pequeno custo mensal que varia de acordo com o Modelo de Urna escolhida.<br \/>\nVerifique nosso Cat\u00e1logo de Urnas e entre em contato para saber o custo mensal de seu plano de acordo com a urna escolhida<br \/>\nConsulte-nos pelos telefones: (31)3372-3734 ou 0800-283-3734.<br \/>\nN\u00e3o deixe o inesperado surpreender voce, previna-se!\u00a0<a href=\"http:\/\/saocristovaofuneraria.com.br\/index.php\/adquira-um-plano\/\">Clique aqui e associe-se j\u00e1<\/a>, sem burocracia!.<\/p>\n<\/div><\/div>\n<div class=\"su-spoiler su-spoiler-style-fancy su-spoiler-icon-arrow-circle-1 su-spoiler-closed\" data-scroll-offset=\"0\" data-anchor-in-url=\"no\"><div class=\"su-spoiler-title\" tabindex=\"0\" role=\"button\"><span class=\"su-spoiler-icon\"><\/span>Quais os benef\u00edcios do Plano?<\/div><div class=\"su-spoiler-content su-u-clearfix su-u-trim\">\n<p align=\"justify\">Atendimento 24h atrav\u00e9s de nossos telefones;<br \/>\nProfissionais qualificados;<br \/>\nFrota pr\u00f3pria;<br \/>\nUrnas para sepultamento em modelos padr\u00e3o, especial, semi luxo, luxo e super luxo;<br \/>\nUrnas para crema\u00e7\u00e3o;<br \/>\nLibera\u00e7\u00e3o junto ao IML ou Itamarati,consulados e policias civil, federal e portu\u00e1ria;<br \/>\nTraslado \/ remo\u00e7\u00e3o do local de \u00f3bito para o local do vel\u00f3rio;<br \/>\nTraslado \/ remo\u00e7\u00e3o do local do vel\u00f3rio para o local do sepultamento;<br \/>\nHigieniza\u00e7\u00e3o e prepera\u00e7\u00e3o do corpo, que poder\u00e1 ser formoliza\u00e7\u00e3o, embalsamamento ou tanatopraxia;<br \/>\nRegistro de \u00f3bito em cart\u00f3rio;<br \/>\nDespacho com fornecimento de certid\u00e3o de \u00f3bito para os familiares.<br \/>\nOrnamenta\u00e7\u00e3o com flores naturais da \u00e9poca;<br \/>\nCoroa de flores com faixa de homenagem da fam\u00edlia;<br \/>\nParamentos e v\u00e9u mortu\u00e1rio;<br \/>\nLoca\u00e7\u00e3o de capela por periodo de 24 horas para vel\u00f3rio;<br \/>\nLoca\u00e7\u00e3o de Sepultura\/ Gaveta, conforme disponibilidade do Cemit\u00e9rio municipal. Em caso de sepultura de fam\u00edlia (perpetua), a prepara\u00e7\u00e3o e limpeza (excluindo benfeitoria e exuma\u00e7\u00e3o);<br \/>\nControle de qualidade de atendimento e servi\u00e7os, atrav\u00e9s de question\u00e1rio feito junto aos familiares para avalia\u00e7\u00e3o do servi\u00e7o prestado..<br \/>\nN\u00e3o deixe o inesperado surpreender voce, previna-se!\u00a0<a href=\"http:\/\/saocristovaofuneraria.com.br\/index.php\/adquira-um-plano\/\">Clique aqui e associe-se j\u00e1<\/a>, sem burocracia!.<\/p>\n<\/div><\/div>\n<div class=\"su-spoiler su-spoiler-style-fancy su-spoiler-icon-arrow-circle-1 su-spoiler-closed\" data-scroll-offset=\"0\" data-anchor-in-url=\"no\"><div class=\"su-spoiler-title\" tabindex=\"0\" role=\"button\"><span class=\"su-spoiler-icon\"><\/span>Quais as op\u00e7\u00f5es de Planos oferecidos pela BH MINAS?<\/div><div class=\"su-spoiler-content su-u-clearfix su-u-trim\">\n<p>Oferecemos as seguintes op\u00e7\u00f5es de Plano:<br \/>\nPlano Familiar<br \/>\nPlano Individual<br \/>\nPlano Igrejas e Entidades<br \/>\nPlano Empresarial<br \/>\nEm cada tipo de plano, o associado tem direito a funeral de alto padr\u00e3o, diferenciado pelo tipo de urna escolhida no momento da aquisi\u00e7\u00e3o do Plano.<\/p>\n<p>N\u00e3o deixe o inesperado surpreender voce, previna-se!\u00a0<a href=\"http:\/\/saocristovaofuneraria.com.br\/index.php\/adquira-um-plano\/\">Clique aqui e associe-se j\u00e1<\/a>, sem burocracia!.<\/p>\n<\/div><\/div>\n<div class=\"su-spoiler su-spoiler-style-fancy su-spoiler-icon-arrow-circle-1 su-spoiler-closed\" data-scroll-offset=\"0\" data-anchor-in-url=\"no\"><div class=\"su-spoiler-title\" tabindex=\"0\" role=\"button\"><span class=\"su-spoiler-icon\"><\/span>Quantos dependentes poderei incluir em meu Plano?<\/div><div class=\"su-spoiler-content su-u-clearfix su-u-trim\">\n<p align=\"justify\">N\u00e3o h\u00e1 limite para n\u00famero de dependentes, \u00e9 fixado um valor adicional para cada dependente ao plano contratado pelo titular. Consulte-nos pelos telefones:<br \/>\n(31)3372-3734 ou 0800-283-3734.<br \/>\nN\u00e3o deixe o inesperado surpreender voce, previna-se!\u00a0<a href=\"http:\/\/saocristovaofuneraria.com.br\/index.php\/adquira-um-plano\/\">Clique aqui e associe-se j\u00e1<\/a>, sem burocracia!.<\/p>\n<\/div><\/div>\n<div class=\"su-spoiler su-spoiler-style-fancy su-spoiler-icon-arrow-circle-1 su-spoiler-closed\" data-scroll-offset=\"0\" data-anchor-in-url=\"no\"><div class=\"su-spoiler-title\" tabindex=\"0\" role=\"button\"><span class=\"su-spoiler-icon\"><\/span>Preciso ter grau de parentesco com dependentes que adicionar a meu plano?<\/div><div class=\"su-spoiler-content su-u-clearfix su-u-trim\">\n<p align=\"justify\">N\u00e3o h\u00e1 necessidade de qualquer v\u00ednculo familiar ou qualquer grau de parentesco com os dependentes que o titular vier a adicionar a seu plano. \u00c9 fixado um valor adicional para cada dependente ao plano contratado pelo titular, independente do grau de parentesco. Consulte-nos pelos telefones:<br \/>\n(31)3372-3734 ou 0800-283-3734.<br \/>\nN\u00e3o deixe o inesperado surpreender voce, previna-se!\u00a0<a href=\"http:\/\/saocristovaofuneraria.com.br\/index.php\/adquira-um-plano\/\">Clique aqui e associe-se j\u00e1<\/a>, sem burocracia!.<\/p>\n<\/div><\/div>\n<div class=\"su-spoiler su-spoiler-style-fancy su-spoiler-icon-arrow-circle-1 su-spoiler-closed\" data-scroll-offset=\"0\" data-anchor-in-url=\"no\"><div class=\"su-spoiler-title\" tabindex=\"0\" role=\"button\"><span class=\"su-spoiler-icon\"><\/span>H\u00e1 limite de idade para os dependentes para vier a adicionar a meu plano?<\/div><div class=\"su-spoiler-content su-u-clearfix su-u-trim\">\n<p align=\"justify\">N\u00e3o h\u00e1 limite de idade, pessoas de todas as idades poder\u00e3o ser adicionadas ao Plano, pagando valor adicional conforme tabela.<br \/>\nConsulte-nos pelos telefones:<br \/>\n(31)3372-3734 ou 0800-283-3734.<br \/>\nN\u00e3o deixe o inesperado surpreender voce, previna-se!\u00a0<a href=\"http:\/\/saocristovaofuneraria.com.br\/index.php\/adquira-um-plano\/\">Clique aqui e associe-se j\u00e1<\/a>, sem burocracia!.<\/p>\n<\/div><\/div>\n<div class=\"su-spoiler su-spoiler-style-fancy su-spoiler-icon-arrow-circle-1 su-spoiler-closed\" data-scroll-offset=\"0\" data-anchor-in-url=\"no\"><div class=\"su-spoiler-title\" tabindex=\"0\" role=\"button\"><span class=\"su-spoiler-icon\"><\/span>Quero um Plano s\u00f3 para mim.Qual a melhor op\u00e7\u00e3o?<\/div><div class=\"su-spoiler-content su-u-clearfix su-u-trim\">\n<p align=\"justify\">Para quem deseja um Plano, mas n\u00e3o possui dependentes, temos a op\u00e7\u00e3o do Plano De Assist\u00eancia Individual da BH Minas, onde o Titular tem acesso a servi\u00e7os funer\u00e1rios completos, urna de acordo com sua previa escolha, mediante pequeno pagamento mensal.<br \/>\nConsulte-nos pelos telefones:<br \/>\n(31)3372-3734 ou 0800-283-3734.<br \/>\nN\u00e3o deixe o inesperado surpreender voce, previna-se!\u00a0<a href=\"http:\/\/saocristovaofuneraria.com.br\/index.php\/adquira-um-plano\/\">Clique aqui e associe-se j\u00e1<\/a>, sem burocracia!.<\/p>\n<\/div><\/div>\n<div class=\"su-spoiler su-spoiler-style-fancy su-spoiler-icon-arrow-circle-1 su-spoiler-closed\" data-scroll-offset=\"0\" data-anchor-in-url=\"no\"><div class=\"su-spoiler-title\" tabindex=\"0\" role=\"button\"><span class=\"su-spoiler-icon\"><\/span>Qual o plano indicado para uma empresa?<\/div><div class=\"su-spoiler-content su-u-clearfix su-u-trim\">\n<p align=\"justify\">Temos a op\u00e7\u00e3o de Plano Empresarial de Assist\u00eancia Funer\u00e1ria BH Minas, com cobertura para colaboradores de sua empresa, um grande benef\u00edcio para seus colaboradores, por um pequeno custo mensal para a sua empresa. Se voc\u00ea \u00e9 empres\u00e1rio, premie j\u00e1 sua equipe com mais este beneficio !<\/p>\n<p>Consulte-nos pelos telefones:<br \/>\n(31)3372-3734 ou 0800-283-3734.<br \/>\nN\u00e3o deixe o inesperado surpreender voce, previna-se!\u00a0<a href=\"http:\/\/saocristovaofuneraria.com.br\/index.php\/adquira-um-plano\/\">Clique aqui e associe-se j\u00e1<\/a>, sem burocracia!.<\/p>\n<\/div><\/div>\n<div class=\"su-spoiler su-spoiler-style-fancy su-spoiler-icon-arrow-circle-1 su-spoiler-closed\" data-scroll-offset=\"0\" data-anchor-in-url=\"no\"><div class=\"su-spoiler-title\" tabindex=\"0\" role=\"button\"><span class=\"su-spoiler-icon\"><\/span>Existe Plano diferenciado para Igreja ou Entidades?<\/div><div class=\"su-spoiler-content su-u-clearfix su-u-trim\">\n<p align=\"justify\">Disponibilizamos o Plano de Assist\u00eancia Funer\u00e1ria BH Minas exclusivo para Igrejas, estendendo a todos os membros de Igrejas op\u00e7\u00f5es de urnas e servi\u00e7o funer\u00e1rio completo e de alto padr\u00e3o, cobrindo tanto os membros da Igreja, quanto os seus familiares.<br \/>\nSe voc\u00ea pertence a uma Igreja, n\u00e3o perca tempo: fale com seu dirigente e pe\u00e7a para ele contatar a BH Minas. Enviamos nossos executivos de venda \u00e0 sua igreja ou associa\u00e7\u00e3o!<br \/>\nConsulte-nos pelos telefones:<br \/>\n(31)3372-3734 ou 0800-283-3734.<br \/>\nN\u00e3o deixe o inesperado surpreender voce, previna-se!\u00a0<a href=\"http:\/\/saocristovaofuneraria.com.br\/index.php\/adquira-um-plano\/\">Clique aqui e associe-se j\u00e1<\/a>, sem burocracia!.<\/p>\n<\/div><\/div>\n<div class=\"su-spoiler su-spoiler-style-fancy su-spoiler-icon-arrow-circle-1 su-spoiler-closed\" data-scroll-offset=\"0\" data-anchor-in-url=\"no\"><div class=\"su-spoiler-title\" tabindex=\"0\" role=\"button\"><span class=\"su-spoiler-icon\"><\/span>O que \u00e9 Taxa de Ades\u00e3o e qual o custo?<\/div><div class=\"su-spoiler-content su-u-clearfix su-u-trim\">\n<p align=\"justify\">A Taxa de Ades\u00e3o equivale a uma matr\u00edcula e \u00e9 cobrada somente no ato da assinatura do contrato. Tem valor correspondente a uma mensalidade.<br \/>\nConsulte-nos pelos telefones:<br \/>\n(31)3372-3734 ou 0800-283-3734.<br \/>\nN\u00e3o deixe o inesperado surpreender voce, previna-se!\u00a0<a href=\"http:\/\/saocristovaofuneraria.com.br\/index.php\/adquira-um-plano\/\">Clique aqui e associe-se j\u00e1<\/a>, sem burocracia!.<\/p>\n<\/div><\/div>\n<div class=\"su-spoiler su-spoiler-style-fancy su-spoiler-icon-arrow-circle-1 su-spoiler-closed\" data-scroll-offset=\"0\" data-anchor-in-url=\"no\"><div class=\"su-spoiler-title\" tabindex=\"0\" role=\"button\"><span class=\"su-spoiler-icon\"><\/span>Como \u00e9 o Sistema de Car\u00eancia do Plano?<\/div><div class=\"su-spoiler-content su-u-clearfix su-u-trim\">\n<p align=\"justify\">Fale conosco e saiba mais sobre a possibilidade de exclus\u00e3o de per\u00edodo de carencia em seu plano.<br \/>\nFale conosco nos (31) 3372-3734 ou 0800-283-3734.<br \/>\nN\u00e3o deixe o inesperado surpreender voce, previna-se!\u00a0<a href=\"http:\/\/saocristovaofuneraria.com.br\/index.php\/adquira-um-plano\/\">Clique aqui e associe-se j\u00e1<\/a>, sem burocracia!.<\/p>\n<\/div><\/div>\n<div class=\"su-spoiler su-spoiler-style-fancy su-spoiler-icon-arrow-circle-1 su-spoiler-closed\" data-scroll-offset=\"0\" data-anchor-in-url=\"no\"><div class=\"su-spoiler-title\" tabindex=\"0\" role=\"button\"><span class=\"su-spoiler-icon\"><\/span>Qual a \u00e1rea de atua\u00e7\u00e3o da empresa?<\/div><div class=\"su-spoiler-content su-u-clearfix su-u-trim\">\n<p align=\"justify\">Temos sede na Cidade de Belo Horizonte, em Minas Gerais, e atuamos em todo o Territ\u00f3rio Nacional, garantindo o sepultamento na \u00e1rea domiciliar<br \/>\nFale conosco e saiba mais: (31) 3372-3734 ou 0800-283-3734.<br \/>\nN\u00e3o deixe o inesperado surpreender voce, previna-se!\u00a0<a href=\"http:\/\/saocristovaofuneraria.com.br\/index.php\/adquira-um-plano\/\">Clique aqui e associe-se j\u00e1<\/a>, sem burocracia!.<\/p>\n<\/div><\/div>\n<p>&nbsp;<\/p>\n<blockquote><p>N\u00e3o deixe o inesperado surpreender voce! Previna-se. <a href=\"http:\/\/saocristovaofuneraria.com.br\/index.php\/adquira-um-plano\/\">Clique aqui e associe-se j\u00e1, sem burocracia<\/a>!<\/p><\/blockquote>\n<p><a href=\"http:\/\/saocristovaofuneraria.com.br\/index.php\/contatos\/\"><img loading=\"lazy\" decoding=\"async\" class=\"alignleft wp-image-378 size-full\" src=\"http:\/\/saocristovaofuneraria.com.br\/wp-content\/uploads\/2021\/10\/banner3.jpg\" alt=\"\" width=\"900\" height=\"368\" srcset=\"https:\/\/saocristovaofuneraria.com.br\/wp-content\/uploads\/2021\/10\/banner3.jpg 900w, https:\/\/saocristovaofuneraria.com.br\/wp-content\/uploads\/2021\/10\/banner3-300x123.jpg 300w, https:\/\/saocristovaofuneraria.com.br\/wp-content\/uploads\/2021\/10\/banner3-768x314.jpg 768w\" sizes=\"(max-width: 900px) 100vw, 900px\" \/><\/a><\/p>\n","protected":false},"excerpt":{"rendered":"<p>Clique nos t\u00f3picos abaixo e leia as respostas \u00e0s perguntas e d\u00favidas mais frequentes: &nbsp; N\u00e3o deixe o inesperado surpreender voce! Previna-se. Clique aqui e associe-se j\u00e1, sem burocracia!<\/p>\n","protected":false},"author":1,"featured_media":0,"parent":33,"menu_order":0,"comment_status":"closed","ping_status":"closed","template":"","meta":{"footnotes":""},"_links":{"self":[{"href":"https:\/\/saocristovaofuneraria.com.br\/index.php\/wp-json\/wp\/v2\/pages\/36"}],"collection":[{"href":"https:\/\/saocristovaofuneraria.com.br\/index.php\/wp-json\/wp\/v2\/pages"}],"about":[{"href":"https:\/\/saocristovaofuneraria.com.br\/index.php\/wp-json\/wp\/v2\/types\/page"}],"author":[{"embeddable":true,"href":"https:\/\/saocristovaofuneraria.com.br\/index.php\/wp-json\/wp\/v2\/users\/1"}],"replies":[{"embeddable":true,"href":"https:\/\/saocristovaofuneraria.com.br\/index.php\/wp-json\/wp\/v2\/comments?post=36"}],"version-history":[{"count":11,"href":"https:\/\/saocristovaofuneraria.com.br\/index.php\/wp-json\/wp\/v2\/pages\/36\/revisions"}],"predecessor-version":[{"id":379,"href":"https:\/\/saocristovaofuneraria.com.br\/index.php\/wp-json\/wp\/v2\/pages\/36\/revisions\/379"}],"up":[{"embeddable":true,"href":"https:\/\/saocristovaofuneraria.com.br\/index.php\/wp-json\/wp\/v2\/pages\/33"}],"wp:attachment":[{"href":"https:\/\/saocristovaofuneraria.com.br\/index.php\/wp-json\/wp\/v2\/media?parent=36"}],"curies":[{"name":"wp","href":"https:\/\/api.w.org\/{rel}","templated":true}]}}